)). Calculate the greatest common factor of r and a.
6
Let g(z) = -29*z - 2. Let i be (-1)/(-2) - 18/12. Let k be g(i). What is the highest common factor of 18 and k?
9
Suppose 132 = 9*q - 3*q. What is the greatest common factor of q and 55?
11
Suppose 5*t + 4*g + 8 = 0, 3*g + 1 = -3*t - 5. Suppose 0 = -3*a - t*a + 72. What is the greatest common divisor of 6 and a?
6
Let w(n) = -n**3 - 2*n**2 + 4. Let m be w(-3). Let s be (m/(-2))/(1/(-2)). Let z = 147 + -56. What is the highest common factor of z and s?
13
Suppose y + 3*x = 4, -18 = -0*y - y + 4*x. What is the highest common factor of y and 20?
10
Suppose -130 = -4*h - 5*i, -2*i - 12 - 14 = -h. Calculate the greatest common factor of 12 and h.
6
Suppose 4*k + 6 = 5*k. What is the highest common divisor of 48 and k?
6
Let u be (-1)/(3/(-9)*1). Let m be 246/9 - (-2)/u. What is the greatest common factor of m and 42?
14
Let z(u) = 4*u + 4 - 6*u - 4. Let m be z(-1). Calculate the highest common factor of 22 and m.
2
Let m be 136/85 - (-2)/5. What is the greatest common factor of 10 and m?
2
Let w = -24 - -27. Suppose -5*g + 333 = -w*d, -d - 108 - 91 = -3*g. What is the greatest common divisor of 6 and g?
6
Let i(p) = 2*p**3 - p**2 - 3*p - 4. Let c be i(4). Let f(v) = -2*v - 2. Let s be f(-13). Calculate the greatest common divisor of s and c.
24
Let h = -98 + 168. What is the greatest common factor of h and 28?
14
Let r = 15 - -5. Let j(s) = 5*s - 25. Let y(o) = 3*o - 12. Let d(q) = -2*j(q) + 5*y(q). Let b be d(8). What is the greatest common divisor of b and r?
10
Let w = 50 - -16. Calculate the greatest common factor of w and 22.
22
Let y be (-3 + (-9)/(-4))/(4/(-16)). What is the highest common factor of y and 4?
1
Suppose 0 = c - 4 - 1. Let r be (-1)/((-6)/5 + 1). What is the highest common factor of c and r?
5
Suppose -49 = -10*s + 21. Calculate the highest common divisor of 77 and s.
7
Let q(d) = d**3 + 10*d**2 - 3*d - 8. Let b be q(-10). Calculate the greatest common divisor of b and 55.
11
Suppose -2*g + 212 = 84. Suppose 0 = -10*d + 15*d - 3*m - 37, 3*d - 4*m - 20 = 0. Calculate the highest common factor of g and d.
8
Let h be ((-3)/4)/(5/(-200)). Calculate the highest common divisor of h and 210.
30
Suppose -3*b = 2*b - 75. Calculate the greatest common divisor of b and 15.
15
Let i be 12/(-1 + 1 - -2). Let x(z) = -3*z + i - 2*z + 2. Let l be x(-11). What is the highest common divisor of 9 and l?
9
Let i = -22 + 31. Calculate the greatest common factor of i and 72.
9
Let u be (48/(-5))/((-3)/10). Let m(b) = -b**2 + 6*b + 4. Let l be m(6). Suppose 12 = n + l. Calculate the highest common divisor of u and n.
8
Let c be (-3 - (-2)/4)*-18. Suppose -3*l + 0*l + 15 = 0. Calculate the highest common factor of c and l.
5
Suppose -12*g + 112 = -4*g. What is the greatest common factor of g and 56?
14
Let f(y) = y**3 + 9*y**2 + 3*y + 6. Let h be f(-8). Calculate the highest common divisor of h and 506.
46
Let h(q) be the second derivative of q**3/3 - 5*q**2 - q. Let k be h(7). Calculate the greatest common divisor of 28 and k.
4
Let t(c) = c**2 + 6*c - 5. Let n be t(6). Let g = 133 - n. What is the greatest common factor of g and 44?
22
Let l(q) = q**3 - 9*q**2 + 8*q + 10. Let s be l(8). Calculate the highest common divisor of s and 110.
10
Suppose 0 = 6*p - p - 670. Suppose 3*q + 14 - p = 0. Suppose q = h - 37. Calculate the highest common divisor of 11 and h.
11
Let y(c) = -6*c**3 - 3*c**2 - 3*c. Let p = -10 - -8. Let n be y(p). What is the highest common divisor of 14 and n?
14
Let o be 1/(-2*2/(-44)). Let j(d) = 6*d - 1. Let f be j(-3). Let t = f - -30. What is the highest common factor of t and o?
11
Let w(p) = p**2 - 2*p - 3. Let j be w(4). Suppose j*b - 2*b = 3. What is the highest common factor of 1 and b?
1
Suppose -5*m = g - 803, 0*g - 2*g = 2*m - 326. Calculate the highest common factor of m and 20.
20
Suppose 37 + 62 = 3*x. Let o = x - 20. Suppose u + 43 = 160. Calculate the greatest common factor of o and u.
13
Let i(r) = r**2 + 8*r. Let w be i(-8). Suppose w*o = -o + 30. Suppose 0 = 4*k + 5 - 53. What is the highest common divisor of o and k?
6
Let g(q) = q**2 - 4. Let s be g(-3). Let i = s + -3. What is the greatest common divisor of 2 and i?
2
Let q = -72 - -114. Let f = 60 - q. Suppose 14*k - 11*k - 6 = 0. Calculate the highest common divisor of f and k.
2
Suppose 136 = 4*a + 28. Suppose 6*z + 4*g - 32 = 3*z, -3*z = 3*g - a. What is the highest common divisor of z and 44?
4
Let m be (-6)/(-8) + 189/36. Let b be 45/m*(-8)/(-1). What is the greatest common divisor of b and 15?
15
Let q be 2/6 - 250/(-15). Calculate the highest common factor of 119 and q.
17
Let s = 6 - 1. Let b be (-6)/(0 + (-2)/s). Calculate the greatest common divisor of 15 and b.
15
Let o = -3 + 5. Suppose 6*v - v + 87 = 3*c, 4*c = -o*v + 90. Let x be (1*-6)/((-1)/2). What is the greatest common divisor of x and c?
12
Let b be 5 - (-1)/(-2)*4. Suppose 4*c = -3*n + 675, -b*c + 0*n + 2*n + 502 = 0. Calculate the highest common divisor of 21 and c.
21
Suppose 10 = -3*b - 2. Let w be 5*42 - (5 + b). Suppose 0*k = -k + 19. Calculate the greatest common divisor of w and k.
19
Suppose 148*h - 151*h = -102. Calculate the greatest common factor of h and 272.
34
Suppose -4*k + 9*k - 300 = 0. Let r(a) = -6*a. Let c be r(-1). What is the highest common divisor of k and c?
6
Suppose k = -5*f - 3 + 1, -f = 0. Let l = k - -5. Let w(q) = 7*q**2 + 2. Let n be w(l). Calculate the greatest common factor of n and 13.
13
Suppose 0*l - 16 = -2*p - 3*l, 0 = -5*l + 10. What is the greatest common factor of 5 and p?
5
Suppose -i - 5*j + 16 = -1, -5*i + 5*j = 35. Let y = i - -12. Let l = y - 5. Calculate the greatest common factor of l and 2.
2
Suppose 0*u - 4*u + 16 = 0. Suppose 3*l + 2*q = 23 - 2, u*l = -3*q + 27. Calculate the greatest common divisor of l and 1.
1
Let a = 11 - 8. Let f = a - 6. Let p(h) = -2*h. Let l be p(f). Calculate the greatest common divisor of l and 15.
3
Suppose 2*b = -11 + 53. Let p = b - 10. Calculate the highest common factor of p and 11.
11
Let o(k) = -k**3 - 3*k**2 + 4. Let z be o(-3). Suppose -2*h = 3*b - 638, -z*b + 133 = 4*h - 723. Calculate the highest common factor of 21 and b.
21
Let f(p) = -p**2 + 8*p - 4. Let v be f(4). What is the greatest common factor of v and 12?
12
Suppose 2*l = -5*a + 18, -2 = -2*a - l + 5. Suppose a = -m + 22. Let k be 36*(99/(-6))/(-3). What is the greatest common divisor of k and m?
18
Let f be ((-136)/(-24))/((-1)/(-12)). Calculate the greatest common divisor of f and 17.
17
Let m = 6 + 6. Calculate the highest common divisor of m and 132.
12
Let m(f) = -f**3 + 11*f**2 - f - 5. Let w be m(10). What is the greatest common divisor of 34 and w?
17
Suppose 4*h = 5*l + 28, 0*h = -2*h + 5*l + 24. Let y(f) = 42*f**2 - f. Let c be y(h). Let j = -86 + c. Calculate the highest common factor of 10 and j.
10
Let l = -15 + 21. Calculate the greatest common factor of l and 66.
6
Let c = -35 + 41. Calculate the greatest common factor of c and 30.
6
Suppose -39 = x - 4*x. Let v = -4 + x. Calculate the highest common divisor of 9 and v.
9
Suppose 102 = 3*i + 3*w, 5*w - 2*w - 138 = -4*i. Calculate the highest common factor of 24 and i.
12
Let l(w) = -w - 2. Let n be l(-1). Let b be (1 + 0)*(-2 - n). Let f be (-1)/(b/1 - 0). Calculate the greatest common factor of 3 and f.
1
Let q be (-1*6/5)/((-6)/40). Calculate the greatest common divisor of 32 and q.
8
Let c = -40 + 71. What is the greatest common divisor of 31 and c?
31
Suppose 2*f = 17 + 3. Calculate the greatest common factor of 5 and f.
5
Suppose 202 = -m + 3*m. Suppose 5*z + 2*o = -o + m, 3*o = -3*z + 57. Calculate the greatest common factor of 33 and z.
11
Let z = 37 + 29. What is the highest common divisor of 3 and z?
3
Suppose 0*h = h - 3*f - 53, 3*f + 112 = 2*h. What is the highest common factor of 472 and h?
59
Let t(j) = j**3 - 2*j**2 + 3*j - 2. Let g be t(4). Let w = -10 + 22. Let l = w + -6. Calculate the highest common factor of g and l.
6
Suppose 6*y - 24 = 5*y. Let r(q) be the third derivative of q**5/60 - q**3/6 + q**2. Let p be r(-3). What is the highest common factor of y and p?
8
Suppose b + 305 = 4*j, -b - 241 = -5*j + 139. Let t be -5*(-3)/(9/j). What is the greatest common factor of t and 50?
25
Let p(t) = t**